{"id":108,"date":"2025-04-11T01:52:18","date_gmt":"2025-04-11T01:52:18","guid":{"rendered":"https:\/\/aydapart.cl\/?page_id=108"},"modified":"2025-04-11T02:31:18","modified_gmt":"2025-04-11T02:31:18","slug":"departamento-estudio","status":"publish","type":"page","link":"https:\/\/aydapart.cl\/index.php\/departamento-estudio\/","title":{"rendered":"Estudio"},"content":{"rendered":"\n<p>Disfruta de este moderno y acogedor departamento tipo Estudio, totalmente amoblado y listo para tu llegada. Cuenta con:<\/p>\n\n\n\n<ul class=\"wp-block-list\">\n<li>Cama doble, ropa de cama y toallas. Adem\u00e1s tiene cocina equipada con encimera, frigobar, horno el\u00e9ctrico, hervidor el\u00e9ctrico y utensilios b\u00e1sicos. En la zona de comedor tiene mesa y sillas altas tipo bar, ideal para las comidas diarias o trabajo remoto. Cuenta tambi\u00e9n con un sof\u00e1 cama, tv de pantalla plana, wifi, ventilador y calefactor.<\/li>\n<\/ul>\n\n\n\n<p>\u00a1Es ideal para profesionales, parejas o estudiantes!<\/p>\n\n\n\n<div class=\"wp-block-columns is-layout-flex wp-container-core-columns-is-layout-9d6595d7 wp-block-columns-is-layout-flex\">\n<div class=\"wp-block-column is-layout-flow wp-block-column-is-layout-flow\">\n<div class=\"wp-block-essential-blocks-advanced-image  root-eb-advanced-image-g9gyw\"><div class=\"eb-parent-wrapper eb-parent-eb-advanced-image-g9gyw \"><figure class=\"eb-advanced-image-wrapper eb-advanced-image-g9gyw img-style-rounded caption-style-1 caption-horizontal-center caption-vertical-bottom bottom no-effect\" data-id=\"eb-advanced-image-g9gyw\"><div class=\"image-wrapper\"><img decoding=\"async\" src=\"https:\/\/aydapart.cl\/wp-content\/uploads\/2025\/04\/8c8bf9c9-e3aa-4292-8479-b238812ce086-scaled.jpg\" alt=\"\"\/><\/div><\/figure><\/div><\/div>\n<\/div>\n\n\n\n<div class=\"wp-block-column is-layout-flow wp-block-column-is-layout-flow\">\n<div class=\"wp-block-essential-blocks-advanced-image  root-eb-advanced-image-qmqtv\"><div class=\"eb-parent-wrapper eb-parent-eb-advanced-image-qmqtv \"><figure class=\"eb-advanced-image-wrapper eb-advanced-image-qmqtv img-style-rounded caption-style-1 caption-horizontal-center caption-vertical-bottom bottom no-effect\" data-id=\"eb-advanced-image-qmqtv\"><div class=\"image-wrapper\"><img decoding=\"async\" src=\"https:\/\/aydapart.cl\/wp-content\/uploads\/2025\/04\/BANO-1924-scaled.jpg\" alt=\"\"\/><\/div><\/figure><\/div><\/div>\n<\/div>\n\n\n\n<div class=\"wp-block-column is-layout-flow wp-block-column-is-layout-flow\">\n<div class=\"wp-block-essential-blocks-advanced-image  root-eb-advanced-image-qd7vi\"><div class=\"eb-parent-wrapper eb-parent-eb-advanced-image-qd7vi \"><figure class=\"eb-advanced-image-wrapper eb-advanced-image-qd7vi img-style-rounded caption-style-1 caption-horizontal-center caption-vertical-bottom bottom no-effect\" data-id=\"eb-advanced-image-qd7vi\"><div class=\"image-wrapper\"><img decoding=\"async\" src=\"https:\/\/aydapart.cl\/wp-content\/uploads\/2025\/04\/CAMA-1924-scaled.jpg\" alt=\"\"\/><\/div><\/figure><\/div><\/div>\n<\/div>\n<\/div>\n\n\n\n<div class=\"wp-block-columns is-layout-flex wp-container-core-columns-is-layout-9d6595d7 wp-block-columns-is-layout-flex\">\n<div class=\"wp-block-column is-layout-flow wp-block-column-is-layout-flow\">\n<div class=\"wp-block-essential-blocks-advanced-image  root-eb-advanced-image-ftv3y\"><div class=\"eb-parent-wrapper eb-parent-eb-advanced-image-ftv3y \"><figure class=\"eb-advanced-image-wrapper eb-advanced-image-ftv3y img-style-rounded caption-style-1 caption-horizontal-center caption-vertical-bottom bottom no-effect\" data-id=\"eb-advanced-image-ftv3y\"><div class=\"image-wrapper\"><img decoding=\"async\" src=\"https:\/\/aydapart.cl\/wp-content\/uploads\/2025\/04\/COCINA-1924-scaled.jpg\" alt=\"\"\/><\/div><\/figure><\/div><\/div>\n<\/div>\n\n\n\n<div class=\"wp-block-column is-layout-flow wp-block-column-is-layout-flow\">\n<div class=\"wp-block-essential-blocks-advanced-image  root-eb-advanced-image-lu62b\"><div class=\"eb-parent-wrapper eb-parent-eb-advanced-image-lu62b \"><figure class=\"eb-advanced-image-wrapper eb-advanced-image-lu62b img-style-rounded caption-style-1 caption-horizontal-center caption-vertical-bottom bottom no-effect\" data-id=\"eb-advanced-image-lu62b\"><div class=\"image-wrapper\"><img decoding=\"async\" src=\"https:\/\/aydapart.cl\/wp-content\/uploads\/2025\/04\/VISTA-GENERAL-1924-scaled.jpg\" alt=\"\"\/><\/div><\/figure><\/div><\/div>\n<\/div>\n\n\n\n<div class=\"wp-block-column is-layout-flow wp-block-column-is-layout-flow\">\n<div class=\"wp-block-essential-blocks-advanced-image  root-eb-advanced-image-0c6pz\"><div class=\"eb-parent-wrapper eb-parent-eb-advanced-image-0c6pz \"><figure class=\"eb-advanced-image-wrapper eb-advanced-image-0c6pz img-style-rounded caption-style-1 caption-horizontal-center caption-vertical-bottom bottom no-effect\" data-id=\"eb-advanced-image-0c6pz\"><div class=\"image-wrapper\"><img decoding=\"async\" src=\"https:\/\/aydapart.cl\/wp-content\/uploads\/2025\/04\/VISTA-GRAL-3-1924-scaled.jpg\" alt=\"\"\/><\/div><\/figure><\/div><\/div>\n<\/div>\n<\/div>\n\n\n\n<p><\/p>\n","protected":false},"excerpt":{"rendered":"<p>Disfruta de este moderno y acogedor departamento tipo Estudio, totalmente amoblado y listo para tu llegada. Cuenta con: \u00a1Es ideal para profesionales, parejas o estudiantes!<\/p>\n","protected":false},"author":1,"featured_media":0,"parent":0,"menu_order":0,"comment_status":"closed","ping_status":"closed","template":"","meta":{"_eb_attr":"","footnotes":""},"class_list":["post-108","page","type-page","status-publish","hentry"],"_links":{"self":[{"href":"https:\/\/aydapart.cl\/index.php\/wp-json\/wp\/v2\/pages\/108","targetHints":{"allow":["GET"]}}],"collection":[{"href":"https:\/\/aydapart.cl\/index.php\/wp-json\/wp\/v2\/pages"}],"about":[{"href":"https:\/\/aydapart.cl\/index.php\/wp-json\/wp\/v2\/types\/page"}],"author":[{"embeddable":true,"href":"https:\/\/aydapart.cl\/index.php\/wp-json\/wp\/v2\/users\/1"}],"replies":[{"embeddable":true,"href":"https:\/\/aydapart.cl\/index.php\/wp-json\/wp\/v2\/comments?post=108"}],"version-history":[{"count":3,"href":"https:\/\/aydapart.cl\/index.php\/wp-json\/wp\/v2\/pages\/108\/revisions"}],"predecessor-version":[{"id":176,"href":"https:\/\/aydapart.cl\/index.php\/wp-json\/wp\/v2\/pages\/108\/revisions\/176"}],"wp:attachment":[{"href":"https:\/\/aydapart.cl\/index.php\/wp-json\/wp\/v2\/media?parent=108"}],"curies":[{"name":"wp","href":"https:\/\/api.w.org\/{rel}","templated":true}]}}