{"id":127,"date":"2025-04-11T02:02:44","date_gmt":"2025-04-11T02:02:44","guid":{"rendered":"https:\/\/aydapart.cl\/?page_id=127"},"modified":"2025-04-11T02:31:02","modified_gmt":"2025-04-11T02:31:02","slug":"departamento-de-dos-dormitorios","status":"publish","type":"page","link":"https:\/\/aydapart.cl\/index.php\/departamento-de-dos-dormitorios\/","title":{"rendered":"2 Dormitorios"},"content":{"rendered":"\n<p>Estos c\u00f3modos y bien equipados departamentos cuentan con una excelente iluminaci\u00f3n natural, est\u00e1n pensados para familias o grupos. Cuentan con:<\/p>\n\n\n\n<ul class=\"wp-block-list\">\n<li>Dormitorio principal con cama doble\/King, ropa de cama, toallas, tv pantalla plana, ba\u00f1o en suite.<\/li>\n\n\n\n<li>Segundo dormitorio tiene camarote\/litera, una cama individual y tv pantalla plana.<\/li>\n\n\n\n<li>Segundo ba\u00f1o, equipado completo.<\/li>\n\n\n\n<li>Sala, cuenta con una cama individual, tv de pantalla plana, mesa de comedor para 6 personas, wifi.<\/li>\n\n\n\n<li>Cocina equipada con refrigerador, microondas, horno, cocina a gas, utensilios de cocina.<\/li>\n\n\n\n<li>Balc\u00f3n con vistas a la ciudad.<\/li>\n<\/ul>\n\n\n\n<p>\u00a1Te encantar\u00e1 este lugar para tu familia o grupo de amigos por su calidez, comodidad y ubicaci\u00f3n!<\/p>\n\n\n\n<div class=\"wp-block-columns is-layout-flex wp-container-core-columns-is-layout-9d6595d7 wp-block-columns-is-layout-flex\">\n<div class=\"wp-block-column is-layout-flow wp-block-column-is-layout-flow\">\n<div class=\"wp-block-essential-blocks-advanced-image  root-eb-advanced-image-5uqtv\"><div class=\"eb-parent-wrapper eb-parent-eb-advanced-image-5uqtv \"><figure class=\"eb-advanced-image-wrapper eb-advanced-image-5uqtv img-style-rounded caption-style-1 caption-horizontal-center caption-vertical-bottom bottom no-effect\" data-id=\"eb-advanced-image-5uqtv\"><div class=\"image-wrapper\"><img decoding=\"async\" src=\"https:\/\/aydapart.cl\/wp-content\/uploads\/2025\/04\/dormitorio-principal-2-1506-scaled.jpg\" alt=\"\"\/><\/div><\/figure><\/div><\/div>\n<\/div>\n\n\n\n<div class=\"wp-block-column is-layout-flow wp-block-column-is-layout-flow\">\n<div class=\"wp-block-essential-blocks-advanced-image  root-eb-advanced-image-y3ghj\"><div class=\"eb-parent-wrapper eb-parent-eb-advanced-image-y3ghj \"><figure class=\"eb-advanced-image-wrapper eb-advanced-image-y3ghj img-style-rounded caption-style-1 caption-horizontal-center caption-vertical-bottom bottom no-effect\" data-id=\"eb-advanced-image-y3ghj\"><div class=\"image-wrapper\"><img decoding=\"async\" src=\"https:\/\/aydapart.cl\/wp-content\/uploads\/2025\/04\/dormitorio-chico-1506-scaled.jpg\" alt=\"\"\/><\/div><\/figure><\/div><\/div>\n<\/div>\n\n\n\n<div class=\"wp-block-column is-layout-flow wp-block-column-is-layout-flow\">\n<div class=\"wp-block-essential-blocks-advanced-image  root-eb-advanced-image-am5zz\"><div class=\"eb-parent-wrapper eb-parent-eb-advanced-image-am5zz \"><figure class=\"eb-advanced-image-wrapper eb-advanced-image-am5zz img-style-rounded caption-style-1 caption-horizontal-center caption-vertical-bottom bottom no-effect\" data-id=\"eb-advanced-image-am5zz\"><div class=\"image-wrapper\"><img decoding=\"async\" src=\"https:\/\/aydapart.cl\/wp-content\/uploads\/2025\/04\/dormitorio-chico-2-1506-scaled.jpg\" alt=\"\"\/><\/div><\/figure><\/div><\/div>\n<\/div>\n<\/div>\n\n\n\n<div class=\"wp-block-columns is-layout-flex wp-container-core-columns-is-layout-9d6595d7 wp-block-columns-is-layout-flex\">\n<div class=\"wp-block-column is-layout-flow wp-block-column-is-layout-flow\">\n<div class=\"wp-block-essential-blocks-advanced-image  root-eb-advanced-image-9mnzs\"><div class=\"eb-parent-wrapper eb-parent-eb-advanced-image-9mnzs \"><figure class=\"eb-advanced-image-wrapper eb-advanced-image-9mnzs img-style-rounded caption-style-1 caption-horizontal-center caption-vertical-bottom bottom no-effect\" data-id=\"eb-advanced-image-9mnzs\"><div class=\"image-wrapper\"><img decoding=\"async\" src=\"https:\/\/aydapart.cl\/wp-content\/uploads\/2025\/04\/comedor-1506-scaled.jpg\" alt=\"\"\/><\/div><\/figure><\/div><\/div>\n<\/div>\n\n\n\n<div class=\"wp-block-column is-layout-flow wp-block-column-is-layout-flow\">\n<div class=\"wp-block-essential-blocks-advanced-image  root-eb-advanced-image-3652y\"><div class=\"eb-parent-wrapper eb-parent-eb-advanced-image-3652y \"><figure class=\"eb-advanced-image-wrapper eb-advanced-image-3652y img-style-rounded caption-style-1 caption-horizontal-center caption-vertical-bottom bottom no-effect\" data-id=\"eb-advanced-image-3652y\"><div class=\"image-wrapper\"><img decoding=\"async\" src=\"https:\/\/aydapart.cl\/wp-content\/uploads\/2025\/04\/cocina-1506-scaled.jpg\" alt=\"\"\/><\/div><\/figure><\/div><\/div>\n<\/div>\n\n\n\n<div class=\"wp-block-column is-layout-flow wp-block-column-is-layout-flow\">\n<div class=\"wp-block-essential-blocks-advanced-image  root-eb-advanced-image-vmr9y\"><div class=\"eb-parent-wrapper eb-parent-eb-advanced-image-vmr9y \"><figure class=\"eb-advanced-image-wrapper eb-advanced-image-vmr9y img-style-rounded caption-style-1 caption-horizontal-center caption-vertical-bottom bottom no-effect\" data-id=\"eb-advanced-image-vmr9y\"><div class=\"image-wrapper\"><img decoding=\"async\" src=\"https:\/\/aydapart.cl\/wp-content\/uploads\/2025\/04\/bano-principal-1506-scaled.jpg\" alt=\"\"\/><\/div><\/figure><\/div><\/div>\n<\/div>\n<\/div>\n\n\n\n<div class=\"wp-block-columns is-layout-flex wp-container-core-columns-is-layout-9d6595d7 wp-block-columns-is-layout-flex\">\n<div class=\"wp-block-column is-layout-flow wp-block-column-is-layout-flow\">\n<div class=\"wp-block-essential-blocks-advanced-image  root-eb-advanced-image-xq8r2\"><div class=\"eb-parent-wrapper eb-parent-eb-advanced-image-xq8r2 \"><figure class=\"eb-advanced-image-wrapper eb-advanced-image-xq8r2 img-style-rounded caption-style-1 caption-horizontal-center caption-vertical-bottom bottom no-effect\" data-id=\"eb-advanced-image-xq8r2\"><div class=\"image-wrapper\"><img decoding=\"async\" src=\"https:\/\/aydapart.cl\/wp-content\/uploads\/2025\/04\/sala-1506-scaled.jpg\" alt=\"\"\/><\/div><\/figure><\/div><\/div>\n<\/div>\n\n\n\n<div class=\"wp-block-column is-layout-flow wp-block-column-is-layout-flow\">\n<div class=\"wp-block-essential-blocks-advanced-image  root-eb-advanced-image-c1rh0\"><div class=\"eb-parent-wrapper eb-parent-eb-advanced-image-c1rh0 \"><figure class=\"eb-advanced-image-wrapper eb-advanced-image-c1rh0 img-style-rounded caption-style-1 caption-horizontal-center caption-vertical-bottom bottom no-effect\" data-id=\"eb-advanced-image-c1rh0\"><div class=\"image-wrapper\"><img decoding=\"async\" src=\"https:\/\/aydapart.cl\/wp-content\/uploads\/2025\/04\/sala-completa-1506-scaled.jpg\" alt=\"\"\/><\/div><\/figure><\/div><\/div>\n<\/div>\n\n\n\n<div class=\"wp-block-column is-layout-flow wp-block-column-is-layout-flow\">\n<div class=\"wp-block-essential-blocks-advanced-image  root-eb-advanced-image-08a20\"><div class=\"eb-parent-wrapper eb-parent-eb-advanced-image-08a20 \"><figure class=\"eb-advanced-image-wrapper eb-advanced-image-08a20 img-style-rounded caption-style-1 caption-horizontal-center caption-vertical-bottom bottom no-effect\" data-id=\"eb-advanced-image-08a20\"><div class=\"image-wrapper\"><img decoding=\"async\" src=\"https:\/\/aydapart.cl\/wp-content\/uploads\/2025\/04\/terraza-1506-scaled.jpg\" alt=\"\"\/><\/div><\/figure><\/div><\/div>\n<\/div>\n<\/div>\n\n\n\n<div class=\"wp-block-columns is-layout-flex wp-container-core-columns-is-layout-9d6595d7 wp-block-columns-is-layout-flex\">\n<div class=\"wp-block-column is-layout-flow wp-block-column-is-layout-flow\">\n<div class=\"wp-block-essential-blocks-advanced-image  root-eb-advanced-image-y7ksj\"><div class=\"eb-parent-wrapper eb-parent-eb-advanced-image-y7ksj \"><figure class=\"eb-advanced-image-wrapper eb-advanced-image-y7ksj img-style-rounded caption-style-1 caption-horizontal-center caption-vertical-bottom bottom no-effect\" data-id=\"eb-advanced-image-y7ksj\"><div class=\"image-wrapper\"><img decoding=\"async\" src=\"https:\/\/aydapart.cl\/wp-content\/uploads\/2025\/04\/comedor-1406.jpg\" alt=\"\"\/><\/div><\/figure><\/div><\/div>\n<\/div>\n\n\n\n<div class=\"wp-block-column is-layout-flow wp-block-column-is-layout-flow\">\n<div class=\"wp-block-essential-blocks-advanced-image  root-eb-advanced-image-kz00o\"><div class=\"eb-parent-wrapper eb-parent-eb-advanced-image-kz00o \"><figure class=\"eb-advanced-image-wrapper eb-advanced-image-kz00o img-style-rounded caption-style-1 caption-horizontal-center caption-vertical-bottom bottom no-effect\" data-id=\"eb-advanced-image-kz00o\"><div class=\"image-wrapper\"><img decoding=\"async\" src=\"https:\/\/aydapart.cl\/wp-content\/uploads\/2025\/04\/dormitorio-chico-1406-2.jpg\" alt=\"\"\/><\/div><\/figure><\/div><\/div>\n<\/div>\n\n\n\n<div class=\"wp-block-column is-layout-flow wp-block-column-is-layout-flow\">\n<div class=\"wp-block-essential-blocks-advanced-image  root-eb-advanced-image-ltogb\"><div class=\"eb-parent-wrapper eb-parent-eb-advanced-image-ltogb \"><figure class=\"eb-advanced-image-wrapper eb-advanced-image-ltogb img-style-rounded caption-style-1 caption-horizontal-center caption-vertical-bottom bottom no-effect\" data-id=\"eb-advanced-image-ltogb\"><div class=\"image-wrapper\"><img decoding=\"async\" src=\"https:\/\/aydapart.cl\/wp-content\/uploads\/2025\/04\/dormitorio-principal-1406.jpg\" alt=\"\"\/><\/div><\/figure><\/div><\/div>\n<\/div>\n<\/div>\n\n\n\n<div class=\"wp-block-columns is-layout-flex wp-container-core-columns-is-layout-9d6595d7 wp-block-columns-is-layout-flex\">\n<div class=\"wp-block-column is-layout-flow wp-block-column-is-layout-flow\">\n<div class=\"wp-block-essential-blocks-advanced-image  root-eb-advanced-image-v22dt\"><div class=\"eb-parent-wrapper eb-parent-eb-advanced-image-v22dt \"><figure class=\"eb-advanced-image-wrapper eb-advanced-image-v22dt img-style-rounded caption-style-1 caption-horizontal-center caption-vertical-bottom bottom no-effect\" data-id=\"eb-advanced-image-v22dt\"><div class=\"image-wrapper\"><img decoding=\"async\" src=\"https:\/\/aydapart.cl\/wp-content\/uploads\/2025\/04\/dormitorio-principal2-1406-1.jpg\" alt=\"\"\/><\/div><\/figure><\/div><\/div>\n<\/div>\n\n\n\n<div class=\"wp-block-column is-layout-flow wp-block-column-is-layout-flow\">\n<div class=\"wp-block-essential-blocks-advanced-image  root-eb-advanced-image-qmxba\"><div class=\"eb-parent-wrapper eb-parent-eb-advanced-image-qmxba \"><figure class=\"eb-advanced-image-wrapper eb-advanced-image-qmxba img-style-rounded caption-style-1 caption-horizontal-center caption-vertical-bottom bottom no-effect\" data-id=\"eb-advanced-image-qmxba\"><div class=\"image-wrapper\"><img decoding=\"async\" src=\"https:\/\/aydapart.cl\/wp-content\/uploads\/2025\/04\/sala-1406-1.jpg\" alt=\"\"\/><\/div><\/figure><\/div><\/div>\n<\/div>\n\n\n\n<div class=\"wp-block-column is-layout-flow wp-block-column-is-layout-flow\">\n<div class=\"wp-block-essential-blocks-advanced-image  root-eb-advanced-image-hgtqj\"><div class=\"eb-parent-wrapper eb-parent-eb-advanced-image-hgtqj \"><figure class=\"eb-advanced-image-wrapper eb-advanced-image-hgtqj img-style-rounded caption-style-1 caption-horizontal-center caption-vertical-bottom bottom no-effect\" data-id=\"eb-advanced-image-hgtqj\"><div class=\"image-wrapper\"><img decoding=\"async\" src=\"https:\/\/aydapart.cl\/wp-content\/uploads\/2025\/04\/sala2-1406.jpg\" alt=\"\"\/><\/div><\/figure><\/div><\/div>\n<\/div>\n<\/div>\n\n\n\n<div class=\"wp-block-columns is-layout-flex wp-container-core-columns-is-layout-9d6595d7 wp-block-columns-is-layout-flex\">\n<div class=\"wp-block-column is-layout-flow wp-block-column-is-layout-flow\">\n<div class=\"wp-block-essential-blocks-advanced-image  root-eb-advanced-image-1h29e\"><div class=\"eb-parent-wrapper eb-parent-eb-advanced-image-1h29e \"><figure class=\"eb-advanced-image-wrapper eb-advanced-image-1h29e img-style-rounded caption-style-1 caption-horizontal-center caption-vertical-bottom bottom no-effect\" data-id=\"eb-advanced-image-1h29e\"><div class=\"image-wrapper\"><img decoding=\"async\" src=\"https:\/\/aydapart.cl\/wp-content\/uploads\/2025\/04\/bano-principal-1406.jpg\" alt=\"\"\/><\/div><\/figure><\/div><\/div>\n<\/div>\n\n\n\n<div class=\"wp-block-column is-layout-flow wp-block-column-is-layout-flow\">\n<div class=\"wp-block-essential-blocks-advanced-image  root-eb-advanced-image-dus4i\"><div class=\"eb-parent-wrapper eb-parent-eb-advanced-image-dus4i \"><figure class=\"eb-advanced-image-wrapper eb-advanced-image-dus4i img-style-rounded caption-style-1 caption-horizontal-center caption-vertical-bottom bottom no-effect\" data-id=\"eb-advanced-image-dus4i\"><div class=\"image-wrapper\"><img decoding=\"async\" src=\"https:\/\/aydapart.cl\/wp-content\/uploads\/2025\/04\/cocina-1406.jpg\" alt=\"\"\/><\/div><\/figure><\/div><\/div>\n<\/div>\n\n\n\n<div class=\"wp-block-column is-layout-flow wp-block-column-is-layout-flow\">\n<div class=\"wp-block-essential-blocks-advanced-image  root-eb-advanced-image-4343y\"><div class=\"eb-parent-wrapper eb-parent-eb-advanced-image-4343y \"><figure class=\"eb-advanced-image-wrapper eb-advanced-image-4343y img-style-rounded caption-style-1 caption-horizontal-center caption-vertical-bottom bottom no-effect\" data-id=\"eb-advanced-image-4343y\"><div class=\"image-wrapper\"><img decoding=\"async\" src=\"https:\/\/aydapart.cl\/wp-content\/uploads\/2025\/04\/bano-chico-1406.jpg\" alt=\"\"\/><\/div><\/figure><\/div><\/div>\n<\/div>\n<\/div>\n","protected":false},"excerpt":{"rendered":"<p>Estos c\u00f3modos y bien equipados departamentos cuentan con una excelente iluminaci\u00f3n natural, est\u00e1n pensados para familias o grupos. Cuentan con: \u00a1Te encantar\u00e1 este lugar para tu familia o grupo de amigos por su calidez, comodidad y ubicaci\u00f3n!<\/p>\n","protected":false},"author":1,"featured_media":0,"parent":0,"menu_order":0,"comment_status":"closed","ping_status":"closed","template":"","meta":{"_eb_attr":"","footnotes":""},"class_list":["post-127","page","type-page","status-publish","hentry"],"_links":{"self":[{"href":"https:\/\/aydapart.cl\/index.php\/wp-json\/wp\/v2\/pages\/127","targetHints":{"allow":["GET"]}}],"collection":[{"href":"https:\/\/aydapart.cl\/index.php\/wp-json\/wp\/v2\/pages"}],"about":[{"href":"https:\/\/aydapart.cl\/index.php\/wp-json\/wp\/v2\/types\/page"}],"author":[{"embeddable":true,"href":"https:\/\/aydapart.cl\/index.php\/wp-json\/wp\/v2\/users\/1"}],"replies":[{"embeddable":true,"href":"https:\/\/aydapart.cl\/index.php\/wp-json\/wp\/v2\/comments?post=127"}],"version-history":[{"count":6,"href":"https:\/\/aydapart.cl\/index.php\/wp-json\/wp\/v2\/pages\/127\/revisions"}],"predecessor-version":[{"id":174,"href":"https:\/\/aydapart.cl\/index.php\/wp-json\/wp\/v2\/pages\/127\/revisions\/174"}],"wp:attachment":[{"href":"https:\/\/aydapart.cl\/index.php\/wp-json\/wp\/v2\/media?parent=127"}],"curies":[{"name":"wp","href":"https:\/\/api.w.org\/{rel}","templated":true}]}}