{"id":2,"date":"2025-04-09T03:31:31","date_gmt":"2025-04-09T03:31:31","guid":{"rendered":"https:\/\/aydapart.cl\/?page_id=2"},"modified":"2025-04-09T15:38:53","modified_gmt":"2025-04-09T15:38:53","slug":"sample-page","status":"publish","type":"page","link":"https:\/\/aydapart.cl\/index.php\/sample-page\/","title":{"rendered":"Sobre Nosotros"},"content":{"rendered":"\n<div class=\"wp-block-essential-blocks-advanced-image  root-eb-advanced-image-tz631\"><div class=\"eb-parent-wrapper eb-parent-eb-advanced-image-tz631 \"><figure class=\"eb-advanced-image-wrapper eb-advanced-image-tz631 img-style-rounded caption-style-1 caption-horizontal-center caption-vertical-bottom bottom no-effect\" data-id=\"eb-advanced-image-tz631\"><div class=\"image-wrapper\"><img decoding=\"async\" src=\"https:\/\/aydapart.cl\/wp-content\/uploads\/2025\/04\/LOGO-1.png\" alt=\"\"\/><\/div><\/figure><\/div><\/div>\n\n\n\n<p>\u00a1Hola! Somos&nbsp;<strong>Acu\u00f1a &amp; Donoso Apartamentos Centro<\/strong>, un emprendimiento familiar que naci\u00f3 hace cinco a\u00f1os con mucha ilusi\u00f3n. Lo fundamos junto a mi esposo, y vivimos en el mismo edificio donde est\u00e1n ubicados los apartamentos, lo que nos permite estar siempre cerca y disponibles para nuestros hu\u00e9spedes.<\/p>\n\n\n\n<p>Mi nombre es&nbsp;<strong>Elizabeth<\/strong>, soy cofundadora del proyecto. Estudi\u00e9 administraci\u00f3n tur\u00edstica y cuento con varios a\u00f1os de experiencia en el rubro, lo que me ha permitido desarrollar este espacio pensando siempre en la comodidad, seguridad y necesidades de quienes nos visitan.&nbsp;<\/p>\n\n\n\n<p>Desde el inicio, nuestro objetivo ha sido crear un lugar acogedor, funcional y bien ubicado para que cada estad\u00eda sea una experiencia grata. Nos enorgullece ofrecer una&nbsp;<strong>atenci\u00f3n personalizada<\/strong>, responder r\u00e1pidamente a cualquier duda o solicitud y generar v\u00ednculos duraderos con nuestros hu\u00e9spedes.<\/p>\n\n\n\n<p>Adem\u00e1s, trabajamos de la mano con&nbsp;<strong>peque\u00f1as empresas y emprendimientos locales<\/strong>, lo que tambi\u00e9n aporta un valor especial a cada visita.<br><\/p>\n\n\n\n<p>&nbsp;Y por supuesto, somos un alojamiento formal y seguro:&nbsp;<strong>formamos parte del Registro Nacional de Servicios Tur\u00edsticos de SERNATUR<\/strong>, lo que garantiza que cumplimos con los est\u00e1ndares de calidad exigidos para ofrecer un servicio confiable.<\/p>\n\n\n\n<p>\u00a1Ser\u00e1 un gusto recibirte y ayudarte a disfrutar al m\u00e1ximo tu estad\u00eda!<\/p>\n","protected":false},"excerpt":{"rendered":"<p>\u00a1Hola! Somos&nbsp;Acu\u00f1a &amp; Donoso Apartamentos Centro, un emprendimiento familiar que naci\u00f3 hace cinco a\u00f1os con mucha ilusi\u00f3n. Lo fundamos junto a mi esposo, y vivimos en el mismo edificio donde est\u00e1n ubicados los apartamentos, lo que nos permite estar siempre cerca y disponibles para nuestros hu\u00e9spedes. Mi nombre es&nbsp;Elizabeth, soy cofundadora del proyecto. Estudi\u00e9 administraci\u00f3n [&hellip;]<\/p>\n","protected":false},"author":1,"featured_media":0,"parent":0,"menu_order":0,"comment_status":"closed","ping_status":"open","template":"","meta":{"_eb_attr":"","footnotes":""},"class_list":["post-2","page","type-page","status-publish","hentry"],"_links":{"self":[{"href":"https:\/\/aydapart.cl\/index.php\/wp-json\/wp\/v2\/pages\/2","targetHints":{"allow":["GET"]}}],"collection":[{"href":"https:\/\/aydapart.cl\/index.php\/wp-json\/wp\/v2\/pages"}],"about":[{"href":"https:\/\/aydapart.cl\/index.php\/wp-json\/wp\/v2\/types\/page"}],"author":[{"embeddable":true,"href":"https:\/\/aydapart.cl\/index.php\/wp-json\/wp\/v2\/users\/1"}],"replies":[{"embeddable":true,"href":"https:\/\/aydapart.cl\/index.php\/wp-json\/wp\/v2\/comments?post=2"}],"version-history":[{"count":3,"href":"https:\/\/aydapart.cl\/index.php\/wp-json\/wp\/v2\/pages\/2\/revisions"}],"predecessor-version":[{"id":83,"href":"https:\/\/aydapart.cl\/index.php\/wp-json\/wp\/v2\/pages\/2\/revisions\/83"}],"wp:attachment":[{"href":"https:\/\/aydapart.cl\/index.php\/wp-json\/wp\/v2\/media?parent=2"}],"curies":[{"name":"wp","href":"https:\/\/api.w.org\/{rel}","templated":true}]}}